
22
Let l = -117 + 117. Suppose l = -r - 54 + 74. What is the highest common factor of r and 25?
5
Let n(k) = k**3 - 4*k**2 - k. Let d be n(5). Suppose -924 + 7119 = -5*g. Let a = 1247 + g. Calculate the greatest common factor of a and d.
4
Let v(z) = -15*z - 45. Let x be v(-5). What is the greatest common divisor of x and 195?
15
Let x = 96 - 51. Suppose -14*c + 12 = -338. Suppose -5*b + 67 = -c*n + 23*n, n - 64 = -4*b. What is the greatest common factor of x and b?
15
Let u = 1 - -4. Let r be 118 - -117 - (-10)/(-1)*(-23)/(-23). Calculate the highest common divisor of u and r.
5
Let v = -2789 - -3323. What is the highest common divisor of 1157 and v?
89
Let s(h) = -5*h**3 - 135*h**2 + 105*h - 6. Let m be s(-28). What is the highest common divisor of 2 and m?
2
Let r(g) be the first derivative of 9*g + 1/3*g**3 + 12 + 3/2*g**2. Let p be r(-6). What is the greatest common factor of 18 and p?
9
Suppose -4*y + 3*l - 122470 = 0, 7*y - 5*l + 61228 = 5*y. Let p be y/(-871) + 2/(-13). Calculate the greatest common divisor of 665 and p.
35
Let h = 4563 + -4532. What is the highest common factor of 868 and h?
31
Let o = -1277 - -2654. Calculate the greatest common divisor of o and 729.
81
Suppose 10*r - 838 = -14*r + 1850. Calculate the highest common divisor of r and 19208.
56
Let g(c) = 4*c - 109. Let o be g(30). What is the highest common divisor of o and 1133?
11
Let s be -2 + (-2 - -752) - -3. Let j(t) = -t**3 + 5*t**2 - 3*t + 1. Let i be j(4). Suppose i*c = s + 14. Calculate the greatest common divisor of c and 17.
17
Suppose f - 6 = -r, 17*r = -3*f + 22*r - 22. What is the greatest common divisor of f and 21?
1
Let c be ((-22)/(-10) + -3)*-5. Suppose a - c*a = 276. Let g = a - -132. What is the greatest common divisor of g and 20?
20
Let m be (3 - 1)*-6*372/(-16). Suppose 22*q + m - 939 = 0. Calculate the highest common divisor of q and 80.
10
Let y = 5953 + -5888. What is the highest common divisor of y and 3757?
13
Let z be (4/(-3))/(42/(-189)). Let m be 6 + 0 + -2 + z. Calculate the greatest common factor of 55 and m.
5
Let g be ((-2)/(-3))/(12/6066). Suppose 666*p - 667*p = 241. Let u = p + g. What is the greatest common divisor of u and 24?
24
Let i(j) = -2*j**2 + 2. Let h(s) = -7*s**2 + 10*s - 80. Let g(f) = -h(f) + 4*i(f). Let q be g(-14). Calculate the highest common factor of 224 and q.
32
Let p be (-445)/((-2)/(-12) - (16 - (-89)/(-6))). What is the highest common factor of p and 1691?
89
Let b(z) = -2*z**3 + 6*z**2 - 9*z - 1. Let v be b(4). Let w be (-1917)/18*(-6)/(-9). Let j = v - w. Calculate the highest common factor of j and 26.
2
Suppose 7*i = 17 + 11. Suppose r + 4*a + i = 0, 2*a - 3*a = 1. Suppose 0 = -s + n - 5*n + 7, r = -n. What is the highest common divisor of 7 and s?
7
Let o be (-138)/(-24) - 9/12. Suppose 2*z - 7 = o. Let r = z - -42. What is the greatest common factor of 6 and r?
6
Suppose -3*w + 12*w = -252. Let l be (-124)/w - 4/(-7). Suppose 11*k - 288 = l*k. Calculate the greatest common factor of k and 12.
12
Let w be (323/34 - -4)*((-14)/(-6) + -1). What is the greatest common factor of w and 3537?
9
Let y(r) = -3*r + 22. Let z(m) = 3*m - 18. Let q(n) = 4*y(n) + 5*z(n). Let s be q(4). What is the highest common divisor of s and 80?
10
Let f be ((-3)/(-4))/(((-7)/4)/7). Let u(r) = 3*r**2 + 3*r - 3. Let h be u(f). What is the greatest common divisor of h and 105?
15
Let n be (-24)/(-264)*55 - -21291. What is the highest common divisor of n and 48?
16
Let k(j) = j**2 - 3*j + 1. Let l(s) = -3*s**2 + 24*s - 5. Let d(g) = -3*k(g) + l(g). Let o be d(5). Calculate the greatest common factor of o and 133.
7
Suppose -6358 = -49*p + 32*p. Suppose y - 3 = 1. Let l be ((-102)/y)/((-27)/36). What is the greatest common divisor of l and p?
34
Let k(d) be the second derivative of d**4/4 - 4*d**3/3 - 12*d**2 + 65*d - 2. Let l be k(-6). Calculate the greatest common factor of l and 88.
44
Let b be (-7)/(-2)*(24 + (-936)/126). What is the highest common divisor of 58 and b?
58
Suppose -478 + 6 = -5*g + 3*r, 0 = 2*g + r - 191. Suppose b + 3*c = 2*b - 79, -5*b = -5*c - 385. Calculate the highest common factor of g and b.
19
Let x(c) = 396*c**3 - c**2 + 42*c - 42. Let j be x(1). What is the greatest common factor of 2133 and j?
79
Suppose -36*q = -41*q + 330. Let p = 68 - q. What is the highest common divisor of 7 and p?
1
Let j = 459 - 324. Let c = j + -117. What is the greatest common factor of 45 and c?
9
Suppose 23*o - 2637 = -360. Let b(u) = u**2 + u - 3. Let d be b(3). Calculate the greatest common divisor of d and o.
9
Let p = 117 + -122. Let i be ((-2244)/p)/((6/10)/3). Suppose -23*b + i = -11*b. What is the highest common factor of b and 17?
17
Suppose 9 = -2*q - 53. Let b = -25 - q. Let r(a) = 13*a - 45. Let s be r(b). What is the highest common divisor of s and 11?
11
Let b = 50 - 42. Suppose f - 108 = -b*f. Suppose u - 5 - 7 = 0. Calculate the highest common divisor of u and f.
12
Let w(s) = -4*s - 1. Let q(h) = -84*h + 7. Let k(x) = q(x) - 28*w(x). Let b be k(1). What is the highest common factor of b and 42?
21
Let a = 133 + -301. Let y be ((-216)/(-28))/((-36)/a). What is the greatest common divisor of y and 84?
12
Let p(f) = 6402 + 17*f + 6398 - 12807. Let l(m) = -m**2 + 6*m + 2. Let y be l(6). Let s be p(y). What is the greatest common divisor of 189 and s?
27
Suppose 5*c - 12 = -4*i + c, 2*c + 26 = 2*i. Suppose -4*u + 80 = 2*f - i*u, -4*u - 148 = -4*f. Calculate the greatest common factor of 170 and f.
34
Let c be ((-108)/(-8))/(37/222). Calculate the highest common divisor of c and 6.
3
Suppose 3*m + 46 - 76 = 0. Suppose -m*y + 11*y = b + 22, -8 = -2*b. What is the highest common divisor of y and 91?
13
Suppose -2*f + 40 = 3*s, 53*f - 54 = 51*f + 4*s. Calculate the highest common divisor of f and 1081.
23
Let l(k) = 10*k**2 + 9*k + 20. Let f be l(-5). Let x = 80 - 55. What is the greatest common factor of f and x?
25
Suppose -w = -0*w + 3*x - 18, -9 = 3*x. Let g be ((-24)/10)/(-4)*2*20/8. What is the greatest common divisor of w and g?
3
Let y be 6/(-36) + (141554/84 - 0/4). What is the highest common divisor of 15 and y?
5
Suppose 5*v = -5*z + 5, 5*z + 17 = 2*v + 2*z. Suppose -4*u - s - v*s = -976, 976 = 4*u - 4*s. Let l = 428 - u. What is the greatest common divisor of l and 23?
23
Let x be (-69 - 6)*4*(-20)/25. What is the greatest common factor of x and 15?
15
Let h be (-7 + -1 - 366/(-24))*292. What is the highest common divisor of 219 and h?
73
Let o = -38 + 66. Let v be (-13)/((-1820)/(-1568))*-2*(-25)/(-8). Calculate the highest common divisor of o and v.
14
Let b = 7824 - 7744. What is the greatest common divisor of b and 240?
80
Suppose 3*g = -2*p + 1388 + 601, 0 = -g - 5*p + 663. Let k be (-264)/(-220)*((-26)/(-39))/((-8)/(-390)). What is the greatest common divisor of g and k?
39
Suppose -12*o - 165 = -17*o. Suppose o*p + 1400 = 41*p. Calculate the highest common factor of 35 and p.
35
Let i(u) = 39*u - 173. Let w be (4 + -3)/((-4)/5 - -1). Let y be i(w). What is the greatest common divisor of y and 88?
22
Suppose -2 + 17 = 5*t. Suppose t*u - 171 = 126. Let w(f) = f**3 + 4*f**2 + 5*f + 17. Let y be w(-3). Calculate the greatest common factor of u and y.
11
Let i(c) = c**2 + 139*c + 2846. Let l be i(-26). Let f = -125 + 230. Let m = l + f. What is the greatest common factor of 39 and m?
13
Let s be (-109)/((-5)/360*3). What is the greatest common divisor of 16 and s?
8
Suppose -c + 5 = -0. Let a(r) = 193*r + 204. Let j be a(-1). Let w be c*(j + 3 - 5). Calculate the highest common factor of w and 18.
9
Suppose -77*m + 96*m - 342 = 0. Let i = 308 + -212. Calculate the highest common factor of i and m.
6
Let a = 12 - 6. Suppose 0 = 11*i - 3612 + 15481. Let z = i - -1087. What is the greatest common factor of z and a?
2
Suppose -3*i - 50 = -5*p, 40 = p + 3*p - 5*i. Let x be 199/5 - ((-105)/25 + 4). Calculate the highest common divisor of x and p.
10
Let m(n) = 7*n**2 - 5*n + 6. Let i be m(6). Suppose 3*x - 164 - 304 = 0. Let h = i - x. Calculate the greatest common factor of h and 18.
18
Suppose -1418*v = -1422*v - 6628. Let a = v + 2681. Calculate the highest common divisor of a and 32.
32
Suppose -5*z - 50 = -4*g + 2*g, -4*z = 3*g + 63. Let t be z*(0 + 16/12). Let n be 46 + t/(-1 - 3). Calculate the 